 703 a multiple of 12?
False
Does 9 divide 225?
True
Is 2261 a multiple of 19?
True
Does 14 divide 56?
True
Is 416 a multiple of 52?
True
Does 15 divide 4530?
True
Is 4980 a multiple of 62?
False
Is 13 a factor of 28806?
False
Is 13 a factor of 10153?
True
Does 10 divide 947?
False
Is 5868 a multiple of 163?
True
Is 378 a multiple of 21?
True
Is 76 a factor of 1056?
False
Is 489 a multiple of 16?
False
Is 262 a multiple of 17?
False
Does 8 divide 4968?
True
Is 6790 a multiple of 97?
True
Does 26 divide 1390?
False
Is 26 a factor of 25822?
False
Does 7 divide 5620?
False
Is 1565 a multiple of 43?
False
Does 2 divide 1691?
False
Is 14 a factor of 1512?
True
Does 62 divide 11388?
False
Does 46 divide 61962?
True
Is 181 a factor of 43552?
False
Does 26 divide 476?
False
Is 197 a multiple of 13?
False
Does 9 divide 3087?
True
Is 996 a multiple of 4?
True
Is 59 a factor of 2535?
False
Is 19 a factor of 8542?
False
Is 3984 a multiple of 6?
True
Does 13 divide 1729?
True
Does 12 divide 3276?
True
Does 51 divide 18886?
False
Is 697 a multiple of 35?
False
Is 9689 a multiple of 27?
False
Is 18 a factor of 2077?
False
Is 8971 a multiple of 8?
False
Does 71 divide 3046?
False
Does 7 divide 31?
False
Does 13 divide 1768?
True
Is 30 a factor of 21600?
True
Does 23 divide 3255?
False
Does 10 divide 11638?
False
Does 124 divide 6142?
False
Is 38 a factor of 3496?
True
Does 52 divide 884?
True
Is 3 a factor of 97?
False
Is 35 a factor of 12355?
True
Is 20303 a multiple of 20?
False
Is 235 a factor of 9635?
True
Is 14 a factor of 4427?
False
Is 847 a multiple of 11?
True
Is 11119 a multiple of 13?
False
Does 6 divide 1585?
False
Is 97000 a multiple of 50?
True
Does 24 divide 62890?
False
Is 6090 a multiple of 58?
True
Is 194 a factor of 7578?
False
Is 513 a multiple of 10?
False
Does 42 divide 210?
True
Is 24429 a multiple of 17?
True
Is 2 a factor of 10637?
False
Is 497 a multiple of 17?
False
Does 45 divide 11790?
True
Does 95 divide 190?
True
Is 3 a factor of 124?
False
Is 11 a multiple of 4?
False
Is 16 a factor of 28752?
True
Is 8 a factor of 679?
False
Is 52284 a multiple of 15?
False
Does 5 divide 371?
False
Does 13 divide 10192?
True
Does 144 divide 3035?
False
Is 10677 a multiple of 11?
False
Does 52 divide 18096?
True
Is 6352 a multiple of 5?
False
Does 11 divide 2310?
True
Does 48 divide 1008?
True
Is 31806 a multiple of 171?
True
Does 4 divide 145?
False
Does 6 divide 1260?
True
Is 456 a multiple of 12?
True
Is 8 a factor of 1442?
False
Is 781 a multiple of 71?
True
Does 13 divide 5608?
False
Is 1044 a multiple of 4?
True
Is 27 a factor of 13311?
True
Is 15 a factor of 1863?
False
Is 26 a factor of 74568?
True
Is 32349 a multiple of 123?
True
Does 18 divide 2769?
False
Does 16 divide 14944?
True
Does 12 divide 3839?
False
Is 17 a factor of 5656?
False
Is 776 a multiple of 33?
False
Does 11 divide 20537?
True
Is 330 a multiple of 10?
True
Is 16629 a multiple of 18?
False
Is 12 a factor of 108?
True
Is 18 a factor of 1335?
False
Is 21 a factor of 6447?
True
Does 40 divide 5843?
False
Is 8094 a multiple of 57?
True
Is 3 a factor of 15?
True
Does 34 divide 1136?
False
Does 10 divide 70?
True
Does 47 divide 21275?
False
Is 26 a factor of 468?
True
Does 12 divide 6996?
True
Is 1189 a multiple of 41?
True
Does 10 divide 2350?
True
Does 16 divide 512?
True
Is 1508 a multiple of 7?
False
Is 427 a multiple of 56?
False
Does 65 divide 975?
True
Is 53 a factor of 821?
False
Does 9 divide 1257?
False
Does 27 divide 195?
False
Does 11 divide 2881?
False
Is 10190 a multiple of 15?
False
Is 734 a multiple of 18?
False
Is 11 a factor of 373?
False
Does 165 divide 9916?
False
Is 714 a multiple of 51?
True
Is 2412 a multiple of 2?
True
Is 1480 a multiple of 13?
False
Is 14 a factor of 106577?
False
Is 19 a factor of 57?
True
Is 1338 a multiple of 26?
False
Is 63 a factor of 1323?
True
Does 32 divide 8608?
True
Is 25 a factor of 4540?
False
Is 16 a factor of 4641?
False
Is 8 a factor of 304?
True
Is 14 a factor of 57554?
True
Is 7 a factor of 6860?
True
Does 11 divide 1012?
True
Is 5938 a multiple of 17?
False
Does 6 divide 19092?
True
Is 35982 a multiple of 9?
True
Is 13490 a multiple of 10?
True
Is 15 a factor of 69481?
False
Is 12 a factor of 1536?
True
Does 52 divide 17328?
False
Does 11 divide 938?
False
Does 25 divide 2300?
True
Does 22 divide 1694?
True
Is 969 a multiple of 57?
True
Is 2187 a multiple of 9?
True
Is 86 a factor of 1376?
True
Is 47 a factor of 1148?
False
Is 1664 a multiple of 26?
True
Is 7614 a multiple of 25?
False
Is 18804 a multiple of 10?
False
Is 82 a factor of 2460?
True
Is 2100 a multiple of 70?
True
Is 96 a multiple of 48?
True
Does 18 divide 95112?
True
Is 2466 a multiple of 137?
True
Does 13 divide 2523?
False
Does 61 divide 66524?
False
Is 3 a factor of 4902?
True
Is 2 a factor of 4288?
True
Does 14 divide 50592?
False
Is 1491 a multiple of 28?
False
Is 138 a multiple of 46?
True
Is 394 a multiple of 34?
False
Is 7 a factor of 368?
False
Does 12 divide 1032?
True
Is 2486 a multiple of 5?
False
Is 7480 a multiple of 20?
True
Does 21 divide 387?
False
Is 848 a multiple of 4?
True
Is 46 a factor of 40802?
True
Does 8 divide 3204?
False
Is 12 a factor of 1140?
True
Does 20 divide 2991?
False
Does 34 divide 1352?
False
Does 21 divide 550?
False
Is 44 a factor of 1144?
True
Does 32 divide 2624?
True
Does 37 divide 1443?
True
Is 18 a factor of 3744?
True
Is 1205 a multiple of 9?
False
Does 6 divide 584?
False
Is 26731 a multiple of 17?
False
Does 71 divide 7384?
True
Is 960 a multiple of 8?
True
Is 13 a factor of 59215?
True
Does 27 divide 1595?
False
Is 2244 a multiple of 68?
True
Is 719 a multiple of 4?
False
Is 1128 a multiple of 12?
True
Is 3720 a multiple of 12?
True
Is 4 a factor of 10026?
False
Is 23 a multiple of 7?
False
Is 66 a multiple of 4?
False
Is 243 a multiple of 8?
False
Is 23 a factor of 11355?
False
Is 109 a factor of 274?
False
Is 4248 a multiple of 4?
True
Is 5492 a multiple of 21?
False
Does 33 divide 264?
True
Is 24 a factor of 19512?
True
Is 1927 a multiple of 59?
False
Is 16 a factor of 752?
True
Does 51 divide 12393?
True
Is 37 a factor of 814?
True
Is 30450 a multiple of 50?
True
Does 35 divide 5322?
False
Does 24 divide 23173?
False
Is 107 a factor of 2982?
False
Is 39 a factor of 1082?
False
Is 62 a factor of 744?
True
Does 41 divide 66679?
False
Does 29 divide 290?
True
Is 97 a factor of 28518?
True
Is 2 a factor of 370?
True
Is 212 a multiple of 49?
False
Is 37 a factor of 657?
False
Is 12 a factor of 7140?
True
Is 13 a factor of 780?
True
Is 438 a multiple of 20?
False
Is 64 a factor of 6784?
True
Is 2586 a multiple of 7?
False
Is 1100 a multiple of 11?
True
Does 23 divide 115?
True
Is 6277 a multiple of 5?
False
Is 24 a factor of 2861?
False
Does 7 divide 2624?
False
Is 33 a factor of 3762?
True
Does 30 divide 299?
False
Is 119 a factor of 2023?
True
Is 770 a multiple of 2?
True
Is 5421 a multiple of 34?
False
Does 54 divide 6253?
False
Is 72 a factor of 3484?
False
Is 880 a multiple of 20?
True
Does 7 divide 2142?
True
Is 6 a factor of 279?
False
Does 15 divide 735?
True
Is 14 a factor of 17752?
True
Is 92 a factor of 1012?
True
Is 14 a factor of 4376?
False
Is 55677 a multiple of 201?
True
Does 91 divide 40504?
False
Is 32 a factor of 34304?
True
Is 1037 a multiple of 29?
False
Is 13880 a multiple of 20?
True
Is 115 a factor of 31159?
False
Is 17 a factor of 14994?
True
Is 153 a factor of 366?
False
Is 24831 a multiple of 13?
False
Is 5762 a multiple of 67?
True
Does 18 divide 1402?
False
Is 20 a factor of 2860?
True
Is 118 a factor of 1408?
False
Is 29 a multiple of 8?
False
Does 19 divide 12597?
True
Is 2 a factor of 27?
False
Does 5 divide 1980?
True
Is 4994 a multiple of 75?
False
Is 15 a factor of 9640?
False
Is 7 a factor of 343?
True
Does 4 divide 314?
False
Is 4896 a multiple of 272?
True
Does 24 divide 984?
True
Is 120 a factor of 10409?
False
Is 10 a factor of 628?
False
Does 33 divide 2257?
False
Is 20 a factor of 1907?
False
Is 8 a factor of 865?
False
Does 59 divide 16631?
False
Is 1008 a multiple of 25?
False
Does 25 divide 400?
True
Does 4 divide 3252?
True
Is 7 a factor of 376?
False
Does 3 divide 111?
True
Is 872 a multiple of 66?
False
Is 42 a factor of 84?
True
Is 28 a factor of 53538